rivative of 3*c**2 + c - 611. What is m(-4)?
-23
Let y = 210 - 198. Let a(v) = y*v - 5*v - 294 + 297. What is a(-2)?
-11
Let o(c) = 20*c**3 + c. Let y(t) = 3*t + 38. Let z = -110 - -112. Suppose 2*f + 10 + 25 = -3*a, 2*f + 20 = z*a. Let p be y(f). What is o(p)?
-21
Let a(b) be the first derivative of -b**4/8 + 4*b**3/3 + 97*b**2/2 + 22. Let x(q) be the second derivative of a(q). Let j = -1 + 7. Give x(j).
-10
Suppose 0 = -5*c - 8*c + 52. Let u(q) be the third derivative of -1/6*q**4 + 1/3*q**3 + 0 + 0*q - 6*q**2. Give u(c).
-14
Let r = 87 + -151. Let g = 67 + r. Let o(y) = -y - 1. Let z(t) = t**2 - 5*t - 6. Let j(f) = -4*o(f) + z(f). Give j(g).
4
Suppose 6*k - 66 = -36. Suppose -2*j - 3*j + 2*m = -k, -m = -j - 2. Let b(r) = -r**2 + 5*r - 1. What is b(j)?
5
Suppose -5*x + 3 = -2*x. Let k(f) be the third derivative of f**6/120 + f**4/24 - f**3/6 + 2*f**2 + 184*f - 4. What is k(x)?
1
Let o be (5/(-60))/((-55)/(-660)). Let n(p) = -68*p**3 - p**2 + 6*p + 7. Determine n(o).
68
Suppose -6*c - 9 = -27. Suppose 2*f + 2*p - 20 = 0, -c*f - 13 = 4*p - 46. Let h(w) = -4*w**2 - 3*w + 3 + w - f - w**3. What is h(-4)?
4
Let i(t) be the second derivative of -5*t**3/3 + 7*t**2/2 - 5*t. Suppose 0 = 42*v - 145 + 141 - 122. What is i(v)?
-23
Let k(d) = -d**3 - 10*d**2 - 8*d + 20. Suppose -2*u - 229*w - 13 = -234*w, 0 = -2*u + 7*w - 11. Calculate k(u).
11
Let b(g) = 2*g**3 + 6*g**2 - g - 6. Let n(w) be the third derivative of -w**6/120 + w**3/6 - 10*w**2 + 4. Let f(d) = -b(d) - 3*n(d). Calculate f(5).
-17
Let m(c) = -c**2 + 13*c + 4. Let z be (4 - 4)/(5 - 2 - 5). Suppose -5*h - 15 = z, 0 = 5*j + h + 27 - 89. What is m(j)?
4
Let c(v) = 2*v**2 + 7*v - 2. Let o be c(-4). Let r(a) = 3*a - 3 + a - a**3 - 28*a**2 + 26*a**o. Calculate r(2).
-11
Let p(d) be the third derivative of 0 - d + 1/12*d**4 - 38*d**2 - 3*d**3. Calculate p(12).
6
Suppose 2*s = -5*t + 270, 4*t - 2*s - 94 = 2*t. Let n be 7 - (49 + 32/8). Let x = t + n. Let f(j) = -2*j. Determine f(x).
-12
Suppose p = 3*c + 10, 0*p + 2*p + 2*c + 20 = 0. Let r be -10 + (-12)/20*p. Let n(j) = -4*j - 9. Calculate n(r).
19
Let d(j) = 15*j - 6. Let q(t) = 7*t - 3. Let z(y) = 6*d(y) - 13*q(y). Let n be 2*((-210)/(-4) - -5). Let h = 117 - n. Determine z(h).
1
Let w = -278 - -282. Let m(c) = -22*c**3 - 6*c + 23*c**3 + 3*c + w*c**2 + 91 - 88. Suppose 0 = -5*h - 5*a - 25, -2*h - 3*a = -3 + 13. Determine m(h).
-7
Let v(s) = s**3 + 32*s**2 + 3*s - 1. Let o(n) = -7*n**3 - 194*n**2 - 17*n + 14. Let l(m) = o(m) + 6*v(m). Determine l(-2).
6
Let q(j) = 4*j - 3. Let v(r) = 36*r - 28. Let t(l) = 28*q(l) - 3*v(l). Suppose 5*d = 3*h - 28, -7198*h = -7196*h - 2*d - 8. Calculate t(h).
-16
Let u(h) = 5*h + 39*h**2 + 12 - 37*h**2 + 15 + 7*h + 0. Give u(-6).
27
Let k be (-12)/15*(-3)/12*-5. Let c(x) = 33*x + 1. Determine c(k).
-32
Let n(f) be the third derivative of 7*f**4/24 + 49*f**3/3 + 3163*f**2 - 2. Determine n(-12).
14
Let z(g) = -1531*g - 9181. Let q be z(-6). Let u(n) = -31*n + 151. Determine u(q).
-4
Let n be (12 - 2)*1 - 7/((-14)/(-8)). Let s(f) = -f**3 - f + 1. Let t(h) = -3*h**3 + 5*h**2 + 3*h + 9. Let x(y) = -2*s(y) + t(y). Determine x(n).
1
Let s = -51 + 54. Suppose -s*n + 2 + 4 = 0. Let p(x) = n + 3*x + 3*x - 10*x. Give p(4).
-14
Let k(f) = 4*f - 6. Suppose 0 = -4*t - 0*t. Suppose 2*a + 46 - 14 = t. Let l = a - -20. Determine k(l).
10
Suppose -214 = 6*g - 1018. Let q = g - 132. Suppose 5 = -q*j + 7*j. Let v(z) = 20*z. What is v(j)?
20
Let j(a) = 3*a**2 - 64*a**3 + 65*a**3 + 2*a - 598 + 604. Calculate j(-3).
0
Let i be ((-1071)/27)/17 - (-16)/(-6). Let a(j) = 5*j**3 + j**2 + 5*j + 7. Let m(v) = 4*v**3 + 2*v**2 + 4*v + 6. Let d(h) = -3*a(h) + 4*m(h). What is d(i)?
-2
Let o(t) = 3*t + 13. Let n be -7 + (-88)/(-33) + (-1)/(-3). Let c be o(n). Let v(l) = 10*l - 17*l + c + 10*l. Determine v(-1).
-2
Let z(a) = -a**2 + 4*a + 2. Let q(u) = -u**2 + 3*u + 3. Let m(g) = g + 5. Let k be m(-10). Let o(l) = k*q(l) + 4*z(l). Give o(0).
-7
Suppose -1 - 3 = -h. Suppose -4*x = h, -6*x = -2*l - 3*x + 7. Let t(w) = -2*w**2 + 3*w - 1. Give t(l).
-3
Suppose -93 = 24*u - 21. Let h(l) = 2*l - 5*l + 0*l + 4. Give h(u).
13
Let s be 2/(-4)*(-33 + 7). Let g(z) = -12*z + 12*z - 4*z + s - 3. Calculate g(8).
-22
Let h(w) = -24*w - 2. Let d(j) = -12*j - 1. Let b(t) = 5*d(t) - 2*h(t). Let k = -1346 - -1345. What is b(k)?
11
Let r(q) = 0*q + 2*q + 5 - 1. Let w be (-2 + (-2)/2)/(-29 - (-50 + 22)). Give r(w).
10
Let o(t) = t**3 + 107*t**2 - 6 - 229*t**2 + 141*t**2 + 34*t. What is o(-17)?
-6
Let r(q) = -2*q**3 - 2*q. Let s = -4914 - -4911. Calculate r(s).
60
Let n = -67 + 86. Let l be (n - 24 - (-8)/2)/(-1). Let a(r) = 9*r**2 + 1. What is a(l)?
10
Let p(j) = -j**3 + 4*j**2 - 3*j + 6. Let y be p(4). Let f(o) be the second derivative of 2 + 2*o**2 + 1/6*o**3 + 28*o. Give f(y).
-2
Let v(l) = -9510*l - 2 - 2*l**2 + 2 + 4753*l + 4753*l. What is v(-3)?
-6
Suppose -7*p + 23 = -26. Let v(w) = -10*w + 1 - 17 - w**2 + p. Determine v(-8).
7
Let t(n) = -n**2 + 9*n + 1. Let i(v) = -3*v**2 + 26*v + 4. Let y(w) = 6*i(w) - 17*t(w). Let o(r) = 25*r**2 - 3097*r - 366. Let k be o(124). Determine y(k).
-11
Suppose c + 4*v = 5, -4*c + 299 = 2*v + 237. Let h(s) be the first derivative of -1/3*s**3 + c - s**2 - s. Give h(2).
-9
Let n(k) be the second derivative of k**3/6 - 23*k**2/2 + 755*k. Determine n(4).
-19
Let s(g) be the second derivative of 3*g**3 - 53*g**2/2 + g - 49. Let i be s(3). Let w(h) = -5*h**3 - 2*h**2 + h. What is w(i)?
-6
Let v(m) = m - 16. Suppose -4*a = -82 + 62. Suppose -4*c = 5*k - 45, 9 = 4*k - 3*k + a*c. Determine v(k).
-7
Let a(r) be the third derivative of 0*r**3 + 7 + 1/6*r**4 + 2*r**2 + 0*r. Determine a(-2).
-8
Let f(t) = -9 + 0*t**2 + 4*t + 11 - 2*t**2 + 0*t**2 + 7. Let w be f(4). Let r(o) = -3*o + 3. What is r(w)?
24
Let h(i) be the first derivative of -i**6/120 + i**5/120 - i**4/24 + 11*i**3 - 3. Let n(q) be the third derivative of h(q). What is n(3)?
-25
Let v(x) = 6*x**2 - x. Let y be (0 + (-4)/(-4))*-1 - 0. Let k be (3 + -2*9)*(4 - y). Let m = k - -74. What is v(m)?
7
Suppose -46 = -5*r + 3*r. Suppose -4*u = -i - i + 44, -4*i - 5*u = -r. Let z = -11 + i. Let x(c) = -c**3 - 2*c**2 + 2*c - 1. Calculate x(z).
-2
Suppose -5*i + 15 = -0*i. Suppose 0 = 4*v - 5 - i. Let t(j) = j**2 - 5*j + 2 + 4*j**2 + 0*j + 0 - v*j**3. Determine t(3).
-22
Let c(j) be the second derivative of 2*j**3/3 + j**2/2 + 6*j + 83. Give c(0).
1
Let g be 16/4 + (-12)/3 - -3. Suppose -6*a + 25 = -z - 4*a, -g*z - 39 = 3*a. Let k(s) = -s**2 - 17*s. Determine k(z).
0
Let o(v) = v**3 - 8*v**2 - 3*v + 27. Let s be o(8). Let p(r) = -4 + 0 - r + 0 + 3. What is p(s)?
-4
Let z(a) be the third derivative of -a**6/120 + a**5/15 + a**4/4 + a**3/3 - 7*a**2 + 39. What is z(5)?
7
Let u(n) = -10*n**2 - 7*n**2 - 20 + 25 + 23*n**2 - 6*n - 7*n**2. Let k(z) = 2*z - 4. Let s be k(4). Suppose -s + 10 = -j. Calculate u(j).
5
Let a(w) = w - 1. Suppose 5*k + 747 = -4*t, -k + 291 = -3*k + t. Let d be (-7)/(k/(-102)) - (-3)/(-21). What is a(d)?
-6
Suppose 3*w = -d - 11, 0 = -2*d - 3*w - 6 - 7. Let f(x) = -2*x**3 - 4*x**2 - 4*x - 3. What is f(d)?
5
Let n(s) = 6*s**2 - 43*s - 19. Let k(h) = 2*h**2 + 6*h. Let b(z) = -2*k(z) + n(z). Calculate b(25).
-144
Let r(d) = -6*d + 109. Suppose 4070 - 1639 = 83*t + 104*t. Determine r(t).
31
Let h(b) = 2*b**2 + 0*b - 1051508 - b + 1051521 + 12*b - 5*b**2. Calculate h(9).
-131
Let a(l) = 11*l + 30*l**2 - 3*l - 4*l**3 + 2 - 8*l - 32*l**2 - l. Calculate a(2).
-40
Let x(z) = z**2 - 2*z - 2. Suppose 4 - 24 = -4*r. Suppose 5 = 5*m - r. Suppose -m*y + 9 = 1. What is x(y)?
6
Let v(r) = -5*r**2 + r + 4. Let a(z) = 19*z**2 - 2*z - 20. Let i(g) = -6*a(g) - 23*v(g). Give i(3).
4
Let o(c) = 3*c**2 + 3 + 0*c**2 + 3*c**2 - 7*c**2 - 4*c**3 + 3*c**3. Determine o(2).
-9
Let f(z) be the second derivative of -z**5/120 + 3*z**4/8 - 5*z**3 - 46*z. Let q(m) be the second derivative of f(m). Suppose 3*j = 2*j. Calculate q(j).
9
Let w = 683 + -650. Let u be (-8)/(120/w) - (-3)/15. Let t(p) be the first derivative of -2*p**2 - 3*p + 3. Give t(u).
5
Suppose 864*q - 1062*q = -396. Let s(a) be the second derivative of -a**q + 0 - 1/6*a**3 - 5*a. Calculate s(6).
-8
Let i(a) = 0*a**2 - a**2 - a + 6 - a. Suppose 11*k + 85 - 19 = 0. Let m be 216/(-45) + (-145)/(-25) + k. Calculate i(m).
-9
Let y(r) be the firs